ided by 960?
497
What is the remainder when 92838 is divided by 5459?
35
What is the remainder when 13244 is divided by 1018?
10
Calculate the remainder when 38557 is divided by 488.
5
Calculate the remainder when 10611 is divided by 10573.
38
What is the remainder when 20902 is divided by 201?
199
What is the remainder when 63135 is divided by 277?
256
Calculate the remainder when 7394 is divided by 3687.
20
What is the remainder when 176399 is divided by 560?
559
What is the remainder when 2682 is divided by 1326?
30
What is the remainder when 134914 is divided by 496?
2
What is the remainder when 745 is divided by 203?
136
What is the remainder when 560252 is divided by 32?
28
What is the remainder when 10954 is divided by 3615?
109
What is the remainder when 9912 is divided by 320?
312
What is the remainder when 6494 is divided by 34?
0
What is the remainder when 364932 is divided by 60819?
18
Calculate the remainder when 1412177 is divided by 53.
45
Calculate the remainder when 2411 is divided by 132.
35
Calculate the remainder when 5853 is divided by 2922.
9
Calculate the remainder when 6149 is divided by 2897.
355
Calculate the remainder when 10972 is divided by 553.
465
What is the remainder when 989 is divided by 262?
203
Calculate the remainder when 143507 is divided by 143507.
0
What is the remainder when 125123 is divided by 62534?
55
Calculate the remainder when 1611790 is divided by 189.
187
What is the remainder when 12921 is divided by 98?
83
What is the remainder when 2389 is divided by 2375?
14
What is the remainder when 44536 is divided by 8906?
6
What is the remainder when 147166 is divided by 9?
7
Calculate the remainder when 2437 is divided by 352.
325
Calculate the remainder when 10336 is divided by 62.
44
Calculate the remainder when 1330 is divided by 810.
520
Calculate the remainder when 81943 is divided by 154.
15
What is the remainder when 164218 is divided by 523?
519
What is the remainder when 196004 is divided by 195993?
11
Calculate the remainder when 25631 is divided by 99.
89
What is the remainder when 39845 is divided by 212?
201
Calculate the remainder when 1138 is divided by 202.
128
Calculate the remainder when 28506 is divided by 5697.
21
What is the remainder when 167641 is divided by 1693?
34
What is the remainder when 253741 is divided by 126865?
11
Calculate the remainder when 64525 is divided by 22.
21
Calculate the remainder when 3563 is divided by 6.
5
What is the remainder when 16840 is divided by 1400?
40
What is the remainder when 53783 is divided by 13?
2
What is the remainder when 20349 is divided by 20?
9
Calculate the remainder when 39059 is divided by 27.
17
Calculate the remainder when 4258 is divided by 1417.
7
What is the remainder when 5076 is divided by 5046?
30
What is the remainder when 1367750 is divided by 191?
190
What is the remainder when 2349 is divided by 419?
254
What is the remainder when 5608 is divided by 208?
200
What is the remainder when 1834 is divided by 458?
2
What is the remainder when 67570 is divided by 22410?
340
What is the remainder when 338437 is divided by 45?
37
Calculate the remainder when 5296 is divided by 204.
196
Calculate the remainder when 2675546 is divided by 62.
60
What is the remainder when 7516 is divided by 1721?
632
Calculate the remainder when 5805 is divided by 3.
0
What is the remainder when 6118 is divided by 2028?
34
Calculate the remainder when 43676 is divided by 32.
28
What is the remainder when 56680 is divided by 141?
139
What is the remainder when 341597 is divided by 122?
119
Calculate the remainder when 2224 is divided by 67.
13
Calculate the remainder when 1376 is divided by 46.
42
Calculate the remainder when 1416 is divided by 1325.
91
What is the remainder when 48244 is divided by 1151?
1053
Calculate the remainder when 2770 is divided by 842.
244
Calculate the remainder when 2567 is divided by 128.
7
Calculate the remainder when 31190 is divided by 56.
54
What is the remainder when 26119 is divided by 1305?
19
What is the remainder when 2205 is divided by 135?
45
Calculate the remainder when 87148 is divided by 498.
496
Calculate the remainder when 934 is divided by 322.
290
Calculate the remainder when 32663 is divided by 17.
6
Calculate the remainder when 3228 is divided by 46.
8
Calculate the remainder when 422633 is divided by 905.
903
Calculate the remainder when 148486 is divided by 12.
10
Calculate the remainder when 3890 is divided by 52.
42
What is the remainder when 3052 is divided by 161?
154
Calculate the remainder when 2720 is divided by 273.
263
What is the remainder when 6048 is divided by 989?
114
Calculate the remainder when 240088 is divided by 622.
618
What is the remainder when 40285 is divided by 255?
250
Calculate the remainder when 1084379 is divided by 358.
355
Calculate the remainder when 3640 is divided by 39.
13
Calculate the remainder when 7076 is divided by 42.
20
What is the remainder when 6141 is divided by 439?
434
What is the remainder when 19152 is divided by 3829?
7
Calculate the remainder when 1300 is divided by 148.
116
Calculate the remainder when 2241923 is divided by 23.
21
Calculate the remainder when 1722 is divided by 825.
72
Calculate the remainder when 773 is divided by 150.
23
Calculate the remainder when 12098 is divided by 112.
2
What is the remainder when 10830 is divided by 2165?
5
What is the remainder when 35809 is divided by 1441?
1225
Calculate the remainder when 262357 is divided by 87444.
25
Calculate the remainder when 617285 is divided by 151.
148
Calculate the remainder when 3458608 is divided by 249.
247
Calculate the remainder when 7454 is divided by 159.
140
Calculate the remainder when 4393 is divided by 154.
81
What is the remainder when 10939 is divided by 607?
13
What is the remainder when 3520 is divided by 1885?
1635
What is the remainder when 205902 is divided by 165?
147
What is the remainder when 10049 is divided by 1299?
956
What is the remainder when 5341 is divided by 5285?
56
What is the remainder when 534870 is divided by 348?
342
Calculate the remainder when 27717 is divided by 120.
117
What is the remainder when 18817 is divided by 97?
96
Calculate the remainder when 18578 is divided by 11.
10
Calculate the remainder when 18056 is divided by 179.
156
What is the remainder when 675 is divided by 60?
15
Calculate the remainder when 170465 is divided by 403.
399
Calculate the remainder when 1364 is divided by 1354.
10
Calculate the remainder when 574203 is divided by 41.
39
What is the remainder when 57991 is divided by 438?
175
Calculate the remainder when 34397 is divided by 28.
13
Calculate the remainder when 20152 is divided by 139.
136
Calculate the remainder when 78863 is divided by 106.
105
What is the remainder when 72657 is divided by 180?
117
What is the remainder when 3492 is divided by 869?
16
Calculate the remainder when 79957 is divided by 19984.
21
What is the remainder when 22565 is divided by 12?
5
What is the remainder when 52036 is divided by 49?
47
Calculate the remainder when 111570 is divided by 121.
8
Calculate the remainder when 416 is divided by 404.
12
What is the remainder when 11911 is divided by 3966?
13
Calculate the remainder when 9444 is divided by 225.
219
Calculate the remainder when 5022 is divided by 76.
6
What is the remainder when 9599 is divided by 2186?
855
What is the remainder when 876 is divided by 151?
121
What is the remainder when 8837 is divided by 117?
62
What is the remainder when 4840 is divided by 22?
0
What is the remainder when 37752 is divided by 591?
519
What is the remainder when 7299 is divided by 218?
105
Calculate the remainder when 772764 is divided by 152.
148
What is the remainder when 6380 is divided by 5?
0
Calculate the remainder when 269071 is divided by 13.
10
Calculate the remainder when 220468 is divided by 153.
148
Calculate the remainder when 2677 is divided by 570.
397
Calculate the remainder when 170958 is divided by 196.
46
What is the remainder when 23136 is divided by 12?
0
What is the remainder when 11772 is divided by 253?
134
Calculate the remainder when 15291 is divided by 15270.
21
What is the remainder when 13445 is divided by 104?
29
What is the remainder when 199269